)?
1
Evaluate (-1 - (1 - 2)) + 3.
3
-1 - (7 + (-5 - (-1 - 0)))
-4
Calculate -1 + 13 - (-8 + 4 + 10).
6
-1 + -5 - (-17 - -32 - 14)
-7
Calculate -2 - (-16 + 12 + (0 - -2)).
0
What is 10 + 0 - 5 - -3?
8
What is the value of 22 + -14 + (-6 - 2)?
0
(-5 - 0) + 6 + -1
0
(-9 + -4 - -3) + 7
-3
What is 5 - (11 - (-2 - (-3 + -3)))?
-2
What is 1 + -3 + -3 - (19 - 17)?
-7
(-13 - (-12 - -6)) + 6
-1
Evaluate (-6 - (5 + -8 - 3)) + -5.
-5
What is the value of (-12 - -19) + (-3 - 0)?
4
What is the value of (-2 - 0) + 3 + (4 - 5)?
0
Calculate 6 - 1 - (-4 - 0 - -5).
4
What is the value of 6 - (4 + 3 + -8)?
7
Evaluate 1 - (0 + 3 - 3).
1
What is the value of 2 - (5 + 0 + 2)?
-5
Calculate -1 + (-4 - ((1 - 6) + -1)).
1
Calculate -10 - (7 + -14) - (1 + -8).
4
Calculate 1 - (-6 - (-3 + -1)).
3
Calculate 9 - 1 - (-4 - (-5 + 2)).
9
(0 - 1 - 1) + 14 + -13
-1
Evaluate (-1 - 10) + (-3 - -1) + 7.
-6
Evaluate -13 - (-10 - 1) - (1 - 3).
0
Calculate -8 - (-3 + 0 - (14 + -14)).
-5
What is the value of -3 + (-4 - (9 - 17))?
1
What is 4 + -13 + (-1 - -13)?
3
5 - (2 - (-2 + 3))
4
Calculate -3 + (7 - 5 - 2) + 4.
1
Evaluate 1 + 5 + -9 + -2.
-5
What is the value of -5 - 10 - -19 - 12?
-8
What is 1 - (2 - 0 - 6)?
5
Evaluate -8 + 1 + -63 + 67 - -3.
0
Calculate -4 - (-1 + (-6 - -8)).
-5
Evaluate 2 - -1 - (2 - 1).
2
Calculate 3 + 1 + -11 - -2.
-5
Calculate 1 + -3 - (2 - 6).
2
(-4 - -9) + 0 + 0
5
Evaluate -1 + 10 + (161 - 175).
-5
What is (-5 - 0 - 5 - -1) + 3?
-6
-1 + 5 + 65 + -67
2
-2 + 2 - (1 - 6)
5
(-2 - -9 - -7) + -12
2
Calculate 1 - (3 + -2 - -3).
-3
Calculate -2 - ((1 - 3 - -6) + -3).
-3
Calculate (-16 - -14) + (10 - 3).
5
Calculate 3 - (1 + (-3 - -6)) - -5.
4
Evaluate -5 - ((0 - (2 + -2)) + 0).
-5
Evaluate -5 + 0 - (-2 - 5).
2
What is -13 + -3 + 11 + 5 + 0?
0
What is 8 + 7 + -3 + -8?
4
What is (-5 - (-2 + 3) - -9) + 3?
6
Evaluate -3 + 9 + (-4 - 3).
-1
-3 - (0 + 3 + -2)
-4
-4 - (-5 + (5 - 10) + -1)
7
Calculate 14 + -6 + 2 + -3.
7
What is the value of (-6 - (4 + -4)) + 6?
0
What is the value of 3 + (2 - 0 - 3)?
2
What is the value of (7 - (4 + 3)) + 2?
2
-6 - (-9 + (-5 - (-1 - 7)))
0
What is the value of -6 - -7 - 2 - (9 + -9)?
-1
What is the value of 1 - -7 - 3 - (-4 + 5)?
4
-5 + (10 - (5 + 1)) - -3
2
What is 0 - (-1 - 9 - (-15 - -9))?
4
What is the value of -6 - -3 - (-1 + -8 - -1)?
5
What is 8 - (-10 - -6 - -14) - 4?
-6
What is 2 + (4 - (6 + 0))?
0
1 - 10 - -16 - (0 + 17)
-10
-4 + 6 + (-6 - -4)
0
Evaluate (0 - 0 - -4) + -5.
-1
Calculate 8 + 0 + -5 - -1.
4
What is -3 + 5 - -4 - 2?
4
What is (-5 - 5) + (26 - 11)?
5
What is the value of 21 + -22 + 1 + 0 + 0?
0
What is the value of 3 - 5 - (7 - 5)?
-4
-1 + (3 - 4) - (-59 + 64)
-7
What is the value of -2 + 2 + 6 + -1?
5
(-13 - -8) + 6 + (-3 - -2)
0
What is the value of -1 + 2 + -3 + 4 + -1?
1
-9 + 8 + 1 + (-4 - -1)
-3
Calculate 10 + -6 - (-1 + 4 - -1).
0
Calculate -6 - (-6 - (0 - -1)).
1
Calculate (-1 - (0 + 3)) + 0.
-4
What is 6 + (6 - (2 - -4 - -4))?
2
9 + 2 - (22 + -1)
-10
Evaluate (2 - 9) + (5 - (0 - 2)).
0
Evaluate 3 + (4 + -6 + 4 - 5).
0
-6 + 1 + 21 + -14 + -8
-6
Calculate 3 - 8 - -10 - -1.
6
Evaluate (7 - (2 + 9)) + -1.
-5
What is the value of -3 + 3 - 4 - -8?
4
What is (3 - (4 + (-1 - 0))) + 4?
4
-3 + 4 - (1 - -4)
-4
-3 + (5 - (0 + 4))
-2
-10 + 11 + -2 + -3
-4
What is the value of (-2 - (5 + 0 + -15)) + -2?
6
-220 + 219 + 2 + 1
2
What is the value of 0 - (3 - (-1 + 3 + -4))?
-5
-4 - (-2 + (-1 - 3) - -1)
1
What is the value of -3 + (-1 + -5 - -5)?
-4
Calculate -2 - (-1 - (2 + 8)).
9
What is the value of 4 + -4 - ((0 - 5) + 0)?
5
7 + 8 + -16 + 6
5
What is (2 - 3) + 5 + -8 - -1?
-3
What is -1 + -2 - (2 - 5) - -4?
4
Calculate 5 + -6 + 8 + 2 + -2.
7
-10 + (12 - 6) + (2 - -5)
3
What is the value of 2 + 2 + 6 + (-17 - -11)?
4
Evaluate 3 - (-8 - (-5 + (1 - 4))).
3
What is 5 + 5 + -1 + -5 + 3?
7
What is -50 - -44 - (-3 - (3 + -1))?
-1
What is the value of 0 - (11 + (-10 - -4))?
-5
-3 + (-5 - -2 - -4) + 3
1
What is the value of (5 - 0 - 3) + -2?
0
Calculate (1 + -2 - 4) + 12 + -10.
-3
Evaluate 5 + (-8 - (5 + -1)) + 13.
6
What is the value of -1 + -2 + -1 + 1 + 7?
4
-10 + (-1 + -3 - -15) + -8
-7
-4 - (-11 - (0 + -4 + 0))
3
Calculate -29 + 24 + 4 + -2.
-3
Calculate -83 + 93 - (-2 - -6).
6
What is 95 + -96 + (8 - 0)?
7
Evaluate (2 - 0 - 1 - -3) + -5.
-1
Calculate 2 + (-5 + 2 + 2 - -6).
7
What is 10 + (2 - 9) - (3 + 0)?
0
Evaluate 3 - 0 - 3 - (2 - 1).
-1
What is (-1 - 3) + -4 + 7?
-1
Calculate (5 - 1 - 6) + 2 + 1.
1
What is 14 + -17 + -9 - (-4 + -2)?
-6
Calculate -2 + 4 - (0 - 6 - -3).
5
Calculate -3 + -3 - (1 + -8).
1
-2 - (2 + -1) - 2
-5
Evaluate 2 + (7 - -6) + -8.
7
1 - -10 - (-9 - -19)
1
1 - -11 - 0 - 18
-6
What is the value of (-5 - 0) + -8 + (-4 - -25)?
8
What is the value of -3 - ((3 - 3) + -7)?
4
Evaluate -5 + 1 + (7 - (-1 + -4)).
8
What is the value of (-6 - -15) + (2 - (3 + 3))?
5
Calculate (9 - 1) + -2 + -3.
3
Evaluate -3 - 1 - (-65 + 56).
5
What is 0 - (4 - (2 - 0) - -2)?
-4
What is the value of -12 - -1 - (-28 - -22) - -1?
-4
Calculate -5 + 14 - 5 - 2 - -5.
7
Calculate 1 + (-26 - -33) + (0 - -3).
11
(1 - 4) + -4 + 1
-6
What is -5 - ((12 - 28) + 14)?
-3
What is the value of -1 + 0 + (1 - 5) + 0?
-5
8 - (2 + 2 - -1)
3
What is the value of (-1 - -6) + 2 + -3?
4
-9 - (-6 - (-8 + 13))
2
-3 - (5 + (5 - 9))
-4
What is the value of 1 + -8 + 0 + -3 + 6?
-4
What is the value of (-4 - -6) + (0 + 0 - 7)?
-5
1 + (2 + -3 - 4)
-4
What is the value of 0 + (7 - 2) + -3?
2
Evaluate (4 - 0) + -2 + 2.
4
Evaluate -2 - 0 - (-7 - -3 - 2).
4
Calculate -4 + -2 + 7 - (1 + 1).
-1
0 - (-2 + 8 - 14) - 6
2
Calculate (8 - 7) + -3 + 0 + 6.
4
Calculate 2 + (2 - 1) - (-4 + 2).
5
Evaluate 4 + (1 - (5 + -1)).
1
What is 9 + (-3 + -2 - 1)?
3
What is the value of 8 - ((1 - -3) + -1)?
5
What is 5 + -4 + -2 - (-3 + 7)?
-5
17 + -9 + -5 + 1 + -11
-7
What is -12 + 7 + 0 - (-1 + -10)?
6
Calculate 4 + (12 - -6 - 12).
10
Evaluate -7 - (-5 - (-4 + -5) - 7).
-4
Evaluate -7 - ((1 - -1) + -6).
-3
What is 8 - 9 - (1 - 2)?
0
What is the value of -5 + 4 + 3 + 0?
2
Calculate (15 - 20) + -2 + -1 + 6.
-2
What is the value of -5 - (10 + -6 + -10)?
1
What is the value of -1 + (-3 - -2) + -6 + 5?
-3
Calculate (-16 - (-9 + 1)) + 9.
1
What is -7 - (-10 + (-7 - -13))?
-3
Evaluate 2 - (-5 + (5 - 3 - -4)).
1
What is (-3 - 0) + (-2 - 0)?
-5
Evaluate -2 + 10 + (7 - 11).
4
Calculate -4 + (-3 + 6 + -5 - -8).
2
-5 - (-11 + 1 - -1)
4
What is the value of 5 + (4 - 10 - -4)?
3
Evaluate -2 - (6 + (-4 - 7)).
3
Evaluate 14 + (-3 - -6) + -10 - 1.
6
Evaluate (-1 - (2 - 2) - 0) + -2.
-3
-16 + 9 - -2 - (0 + 0)
-5
What is (-10 - -6) + -2 + 4?
-2
What is -1 + (4 - (9 - 6))?
0
Evaluate 3 + -2 + (12 + -12 - -8).
9
-4 - ((1 - -5) + -5)
-5
What is the value of (-1 - 3) + -1 + 4?
-1
What is the value of 1 + 10 - (71 + -61)?
1
Evaluate (9 + -8 - (4 + -1)) + 3.
1
What is -1 + (6 - 1) + -3?
1
Evaluate 4 + -6 - 1 - -5.
2
Calculate 0 + -13 + (-29 - -38).
-4
What is -1 + (-2 - 0) + (-1 - -5)?
1
What is 6 - (2 - -9) - -5?
0
What is 4 + -7 + 7 + -6 + -2?
-4
What is 12 + -19 - (-11 + 6)?
-2
Calculate (-4 + 2 - -2) + 75 + -74.
1
4 + (4 + 0 - 4) + 0
4
Calculate -3 + (-1 - (0 - 3)).
-1
What is (0 - (-2 + -2)) + 0?
4
What is -3 + (-10 - -3) + 3 + 5?
-2
What is the value of 5 + -3 - (-5 - -2)?
5
What is 4 + (1 - 3 - -1) + -1?
2
What is the value of (0 - -1) + 1 + 1 - 3?
0
What is the value of (2 - 2) + (59 - 55)?
4
7 + -2 + (4 - 7) + 6
8
Evaluate -39 + 34 + -1 + 0 + 12.
6
What is 1 - (4 - (-1 + 4))?
0
Calculate -14 - (-13 + (-1 - -1)).
-1
What is 4 + 1 + -5 + 6 + 1?
7
What is 2 + 1 - (-5 - -5)?
3
What is (-4 + -4 + -2 - -4) + 4?
-2
What is (-2 - -3) + (-8 - (-1 - 4))?
-2
What is 0 + 0 + -24 + 16?
-8
What is the value of -9 + (1 - (-4 - -1)) + 7?
2
What is 7 - (-5 + 10 - -9)?
-7
Evaluate -4 + -2 + 4 + (6 - 9).
-5
What is the value of 3 + -4 + 3 + -1 + -2?
-1
Calculate -6 - (-26 + 4 + 9).
7
Calculate -1 - -1 - (5 - 1) - 1.
-5
What is the value of -1 - 1 - (-3 + 15 + -8)?
-6
(2 - 0) + 2 + 17 + -18
3
What is 3 - 4 - (2 - (3 + 1))?
1
7 + (-2 - 6) - 3
-4
What is the value of (2 - 2) + 14 + -19?
-5
What is the value of -4 + 9 - (1 - -3)?
1
Evaluate 3 + (-7 - -5) + 1 + 2.
4
What is (8 - -7 - 10) + -8?
-3
Calculate -4 - (-2 - -3 - -2).
-7
Evaluate -5 - (-4 - (3 - 2)).
0
2 + 3 + -1 + -8
-4
What is -4 + (-1 - 7) + (30 - 26)?
-8
What 